 -l - 4*r + 0 = -45, -2*l = -3*r - 35. Suppose 5*w + l - 130 = 0. Is 60/(-8)*(-3514)/w a prime number?
False
Let x(r) = 7*r**2 + r - 10. Let q be x(3). Suppose -279971 = -q*p + 475749. Is p a composite number?
True
Let b(h) = 33*h + 29*h + h**3 - 7 - 6*h**2 - 59*h. Let g = 25 + -17. Is b(g) prime?
False
Let v = 2586889 - 1717160. Is v a composite number?
True
Let y(o) = 167*o**3 - 3*o**2 + 5. Let c(a) = -668*a**3 + 12*a**2 + 2*a - 19. Let w(h) = 2*c(h) + 9*y(h). Is w(4) composite?
False
Suppose -17*r + 713958 = 25*r. Is r a prime number?
False
Suppose 44*w - 247364 = -8*w. Is w prime?
False
Suppose q = 5*t + 606 + 234, -3*t - 487 = -4*q. Let k = 276 - t. Is k prime?
False
Let s = -55 - 29. Let d = 86 + s. Suppose d*k + 8373 + 4658 = 5*q, 0 = k + 3. Is q prime?
False
Suppose -360811 = -4*f + 3*y, -5*y - 541239 = -6*f - 8*y. Is f a composite number?
True
Suppose 49*p = 32*p + 34. Is 15642 + (-48)/(-6) + (p - -1) a prime number?
False
Let i(c) = c**3 - 3*c**2 + 3*c - 4. Let l be i(5). Suppose 0 = t - 5*t - 4*y + 248, t = -2*y + l. Let v = 6 + t. Is v a prime number?
False
Suppose -305*d = -189*d - 24062924. Is d prime?
False
Suppose -18 = 2*u + 4*g, -2*g = u - 3*u. Let q(f) = -97*f**3 - 6*f**2 - 2*f - 1. Let t be q(u). Suppose p + w = 1273, 2*p = -0*p + 4*w + t. Is p prime?
True
Let j = 5819 + 3782. Is j a prime number?
True
Let q = 544875 + -295316. Is q composite?
True
Is (45/(-30))/(-3)*535322 a composite number?
False
Suppose 26*s = 24*s - 16. Let p(m) = -2841*m + 7. Let r be p(s). Suppose -k + 2*t + 0*t + 4547 = 0, -5*k - 2*t = -r. Is k a composite number?
False
Let d(x) = -x**2 - 11*x + 29. Let b be d(-14). Let h(t) = -3*t - 26. Let k be h(b). Suppose k*u - 9*u - 9916 = 0. Is u a composite number?
True
Let z be (30/80*-12)/(3/(-5284)). Suppose -1083 = 3*j - z. Is j a prime number?
True
Suppose 2*y + 20902 = 8*c - 12*c, -c + 4*y = 5248. Let z = 9201 + c. Is z a prime number?
False
Let v = -2768 - -13222. Is ((-18)/12)/((-3)/v) a prime number?
True
Let r = 2646 - -85591. Is r a prime number?
True
Let n = 362621 + -242950. Is n composite?
False
Let j(o) = o**3 + 23*o**2 - 183*o + 37. Is j(-26) composite?
False
Let p = 261437 + -156746. Is p a composite number?
True
Suppose 21*l + 11483 = 3902. Let b = 314 + -1394. Let o = l - b. Is o prime?
True
Let m(c) = -c**3 + 17*c**2 - 43*c + 25. Let f be m(14). Suppose 13*x - 14998 = f*x. Is x prime?
True
Let k be -3095 + 1*(1 + -4). Let t(h) = 11*h + 49. Let x be t(-7). Is 5 + 148/x - k/14 prime?
False
Let c(u) = -2*u - 3. Let i be c(-3). Let a = 250 + 88. Is i*(a/3 + 11/33) prime?
False
Let v(t) = -472*t**2 - 17*t - 16. Let h be v(-1). Let w = h + 806. Is w prime?
False
Let t(r) = -1171*r**3 + r**2 - 3*r + 10. Let c be t(2). Let k = -4879 - c. Is k a prime number?
True
Suppose -65364 = -35*l + 41*l. Let n = l - -17903. Is n a composite number?
True
Let p = 2848 + 3912. Let o = p + 373. Is o composite?
True
Suppose -2*z + 314784 = 2*h, -44*h + 43*h - 4*z + 157389 = 0. Is h composite?
False
Suppose r + 192 = -7*r. Is (-1 - 30/r) + 6835/4 composite?
False
Suppose -4*m = 3*u - 515, 0 = 4*u + u - 2*m - 815. Let j be (25/(-5))/15 + u/9. Let z(w) = 17*w - 28. Is z(j) a prime number?
False
Suppose 0 = 2*o - 4*s - 6, -55*s = -5*o - 50*s - 10. Let z(u) be the first derivative of -18*u**2 - 31*u - 1. Is z(o) a prime number?
False
Let j be 22/2 - 0/(1 - 3). Suppose -4*h = v - 5277, j*h - 12*h - 5267 = -v. Is v a prime number?
False
Suppose -95*t + 124971 + 62084 = 0. Is t prime?
False
Is (-18)/(-3)*662299/33 prime?
False
Let y = 113349 - -227822. Is y composite?
False
Is 1/((13/(-39)*3)/(-1258 - 1)) a prime number?
True
Let u(k) = -1625*k + 27. Let t be 1 + 4 - (-5 + 2 - -18). Is u(t) a composite number?
True
Suppose 5*p = 7*p - 68. Let z(n) = 464 + 0*n + p*n**3 + 77 + n + n**2 - 33*n**3. Is z(0) prime?
True
Is 51/(-17)*-5 - -43442 prime?
True
Let d = 17322 + -599. Is d composite?
True
Let j be ((-6)/(-2))/(8/(-56)). Is (-48934)/(-20) + j/(-70) composite?
False
Let g be (((-5)/(-3))/(-1))/(4/(-12)). Let b(w) = 13*w + 1 + 19 + 4. Is b(g) a prime number?
True
Suppose -8*p - 10 = -6*p. Let r(w) = w**3 + w + 1. Let x(y) = y**3 + y**2 + y + 17. Let z(l) = -5*r(l) + x(l). Is z(p) prime?
True
Suppose -m + 5*m - 120 = 5*p, 89 = 3*m - 4*p. Let u be (-4)/(-14) - 16075/m - 3. Let k = -211 - u. Is k a composite number?
False
Suppose 59*z = 57*z + 132166. Is z composite?
False
Let q(i) = -38*i + 11*i - 15*i - 1 - 45*i. Let y be 4/(8/(-22)) - (-17 + 12). Is q(y) a prime number?
True
Suppose w = -q + 2*w + 30469, 8 = -4*w. Is q composite?
False
Let c(n) = -4*n + 406743. Is c(0) a composite number?
True
Let s be 0/(-2)*3/(-12). Suppose 3*p + 4*r - 4292 = s, -1420 = -2*p + p - 4*r. Suppose -l - 3*f = 28 - 387, -4*l + 2*f + p = 0. Is l prime?
True
Let h = 2146964 - 508911. Is h composite?
False
Suppose -v + 1007 = -4*k + 510938, -5*k + 637425 = v. Suppose 30*c - k = 2*c. Is c prime?
False
Let d be (48/(-54)*-6)/((-4)/96). Let v = 298 - 101. Let s = v + d. Is s prime?
False
Is (77986 - -10) + 12/8*6 a prime number?
False
Suppose -348378 = -4*i - 52438. Is i a prime number?
False
Let j(d) = d**2 - 28*d - 38. Let x be j(-8). Let p = 12347 - x. Is p composite?
False
Let p = 190 + -188. Is 17/(p/(3/((-15)/(-1970)))) a composite number?
True
Suppose 0*p - 5 = 5*p. Let b(o) = -o + 10. Let t be b(7). Is (-686 + 0)*p - 9/t a prime number?
True
Suppose -14242596 - 45622547 - 84082095 = -206*g. Is g a composite number?
False
Let t = 215 - 401. Let p(r) = 107*r**3 - r**2 - r. Let a be p(-1). Let f = a - t. Is f prime?
True
Is 4 - (-14 - 33031)/15 composite?
False
Let x(z) = 61*z**3 + z**2 - 5*z + 1. Let j(l) = 182*l**3 + 3*l**2 - 14*l + 3. Let c(o) = -4*j(o) + 11*x(o). Is c(-2) a composite number?
False
Suppose -302*o = -4*p - 306*o + 39652, 0 = -4*p - 2*o + 39652. Is p prime?
False
Let b(j) = 6*j**2 + 2*j + 5. Let f be b(-7). Let q = 1917 + -1766. Let p = f - q. Is p a composite number?
True
Suppose 3*n - n - w = 7, -13 = 2*n - 5*w. Suppose n*g - u = 7*g - 1515, 0 = -5*g - 3*u + 7567. Is g prime?
True
Let k(w) = 270*w**2 - 169*w - 65. Is k(44) a composite number?
True
Suppose -2958*z + 834995 = -2923*z. Is z a prime number?
True
Let s be (149*-1)/(9 + (-1264)/140). Suppose 7*y - 33852 = -s. Is y prime?
True
Let d(v) = 12*v - 69. Let y be d(8). Suppose -36*r + y*r = -27981. Is r a prime number?
True
Suppose -3*y - 731287 = -4*i + 452706, -3*i = -4*y - 888007. Is i a composite number?
False
Suppose -376 + 40 = -7*q. Suppose q*m = 32*m + 364304. Is m a composite number?
False
Let q be (-525278)/(-104) - 1/(-4). Suppose 4*s = a - q, 4*s = -11 - 1. Is a a prime number?
True
Is 6 - (2*4 + -22 + 27) - -191606 a composite number?
False
Suppose -f - 11*f + 72 = 0. Let w be f/8*(5 + (-1)/1). Suppose 8*x - 25655 = w*x. Is x a prime number?
False
Let b(p) = -23*p**3 + 24*p**2 - 3*p + 15. Let w(y) = -49*y**3 + 49*y**2 - 5*y + 30. Let j(i) = -13*b(i) + 6*w(i). Is j(13) composite?
True
Let x(d) = -d**3 + 9*d**2 + 12*d - 10. Let a be x(10). Suppose 5*c - 556902 = -84982. Is c/40 - 6/a prime?
False
Let h(n) = 2029*n - 101. Is h(24) a prime number?
False
Let o = 21 - 11. Suppose 6 = 13*j - o*j. Suppose -j*m - 381 = -5*m. Is m composite?
False
Is (-2235)/((-18)/((-36)/(-6))) prime?
False
Suppose -4*m - 31 = -5*p - 38, 0 = -3*p + 4*m - 1. Is 3/p - 318*-1 a prime number?
True
Let i be 7/14*(-1 - 29)*3. Let z = 832 - i. Is z a prime number?
True
Let h(q) be the second derivative of -319*q**5/120 - q**4/12 - 16*q**3/3 - 28*q. Let a(m) be the second derivative of h(m). Is a(-1) prime?
True
Let t be -4 + 798 + (4 - 1) + -2. Let s = t - -464. Is s a prime number?
True
Suppose 20*v + 326 = 18*v. Let s = v - -263. Suppose -l - 3*z - s = -544, -5*l = 4*z - 2231. Is l a composite number?
True
Suppose 0 = -2*w - 5*q + 355700, -170*w + 175*w = -q + 889227. Is w prime?
False
Suppose -9*y + 23 + 13 = 0. Suppose -3*x - 5*u = -0*x - 3179, 3*x - y*u = 3143. Suppose k + 5*o = 216, 7*k = 2*k + 2*o + x. Is k a prime number?
True
Let g = -178880 + 273931. Is g prime?
False
Suppose 86*m - 2074094 - 8744448 = 0. Is m a composite number?
True
Let j = 287 + -186. Suppose 100*w + 5389 = j*w. Is w a composite number?
True
Suppose -12 = -4*d - 4*w, -1 = d + 4*w - 7. Suppose -d*n - n =